2381
Calculate the remainder when 313 is divided by 6.
1
What is the remainder when 4331 is divided by 162?
119
Calculate the remainder when 113049 is divided by 11.
2
What is the remainder when 57323 is divided by 28655?
13
What is the remainder when 35918 is divided by 64?
14
Calculate the remainder when 6825 is divided by 457.
427
Calculate the remainder when 3199 is divided by 198.
31
Calculate the remainder when 8797 is divided by 352.
349
Calculate the remainder when 112005 is divided by 312.
309
What is the remainder when 32707 is divided by 1923?
16
Calculate the remainder when 44991 is divided by 283.
277
Calculate the remainder when 1176 is divided by 613.
563
Calculate the remainder when 17730 is divided by 4410.
90
Calculate the remainder when 374489 is divided by 730.
729
Calculate the remainder when 21121 is divided by 212.
133
What is the remainder when 48672 is divided by 12?
0
Calculate the remainder when 13540 is divided by 19.
12
Calculate the remainder when 204881 is divided by 51220.
1
What is the remainder when 196873 is divided by 569?
568
What is the remainder when 2105 is divided by 177?
158
What is the remainder when 55968 is divided by 61?
31
What is the remainder when 5053 is divided by 2440?
173
What is the remainder when 4644 is divided by 83?
79
What is the remainder when 28240 is divided by 408?
88
What is the remainder when 3061 is divided by 696?
277
Calculate the remainder when 17827 is divided by 589.
157
Calculate the remainder when 900 is divided by 97.
27
What is the remainder when 9056 is divided by 62?
4
Calculate the remainder when 584 is divided by 405.
179
Calculate the remainder when 438056 is divided by 735.
731
Calculate the remainder when 105272 is divided by 1238.
42
What is the remainder when 1403 is divided by 677?
49
What is the remainder when 583 is divided by 35?
23
Calculate the remainder when 61787 is divided by 85.
77
Calculate the remainder when 5328 is divided by 412.
384
What is the remainder when 7261 is divided by 227?
224
Calculate the remainder when 15465 is divided by 966.
9
What is the remainder when 9851 is divided by 31?
24
Calculate the remainder when 10115 is divided by 163.
9
What is the remainder when 11845 is divided by 237?
232
What is the remainder when 4503 is divided by 1499?
6
Calculate the remainder when 2364 is divided by 188.
108
Calculate the remainder when 1265 is divided by 572.
121
Calculate the remainder when 6186 is divided by 2287.
1612
What is the remainder when 20256 is divided by 362?
346
Calculate the remainder when 655213 is divided by 62.
59
Calculate the remainder when 9409 is divided by 248.
233
What is the remainder when 312102 is divided by 104027?
21
What is the remainder when 1335 is divided by 91?
61
What is the remainder when 1323164 is divided by 112?
108
What is the remainder when 1262 is divided by 623?
16
What is the remainder when 25419 is divided by 101?
68
Calculate the remainder when 26841 is divided by 16.
9
What is the remainder when 137388 is divided by 58?
44
What is the remainder when 21986 is divided by 458?
2
Calculate the remainder when 18443 is divided by 739.
707
Calculate the remainder when 2203 is divided by 271.
35
Calculate the remainder when 693 is divided by 86.
5
Calculate the remainder when 17946 is divided by 897.
6
Calculate the remainder when 370517 is divided by 370515.
2
What is the remainder when 1231 is divided by 27?
16
Calculate the remainder when 2138 is divided by 1894.
244
What is the remainder when 24926 is divided by 16?
14
Calculate the remainder when 7378 is divided by 171.
25
What is the remainder when 13881 is divided by 563?
369
What is the remainder when 1543 is divided by 158?
121
Calculate the remainder when 5733 is divided by 955.
3
What is the remainder when 3342 is divided by 2388?
954
Calculate the remainder when 248658 is divided by 33.
3
What is the remainder when 2042780 is divided by 13?
12
Calculate the remainder when 6704 is divided by 26.
22
Calculate the remainder when 3705 is divided by 372.
357
What is the remainder when 148107 is divided by 89?
11
What is the remainder when 2724 is divided by 251?
214
What is the remainder when 203345 is divided by 143?
142
Calculate the remainder when 34590 is divided by 3842.
12
What is the remainder when 4775 is divided by 120?
95
What is the remainder when 119737 is divided by 10?
7
Calculate the remainder when 616 is divided by 20.
16
What is the remainder when 7438 is divided by 2459?
61
Calculate the remainder when 13718 is divided by 503.
137
Calculate the remainder when 1114 is divided by 27.
7
What is the remainder when 12231 is divided by 133?
128
What is the remainder when 8695 is divided by 340?
195
Calculate the remainder when 235548 is divided by 25.
23
What is the remainder when 5900 is divided by 1958?
26
Calculate the remainder when 13268 is divided by 26.
8
Calculate the remainder when 26740 is divided by 569.
566
Calculate the remainder when 3554 is divided by 163.
131
Calculate the remainder when 206727 is divided by 68906.
9
What is the remainder when 158 is divided by 10?
8
Calculate the remainder when 31974 is divided by 323.
320
What is the remainder when 31196 is divided by 3457?
83
What is the remainder when 5513 is divided by 1054?
243
Calculate the remainder when 5133 is divided by 735.
723
Calculate the remainder when 1006766 is divided by 178.
176
Calculate the remainder when 132295 is divided by 147.
142
Calculate the remainder when 52185 is divided by 231.
210
What is the remainder when 56168 is divided by 12?
8
What is the remainder when 89919 is divided by 21?
18
What is the remainder when 3367 is divided by 279?
19
Calculate the remainder when 10830481 is divided by 1809.
1807
Calculate the remainder when 940 is divided by 878.
62
Calculate the remainder when 491404 is divided by 14.
4
Calculate the remainder when 23056 is divided by 1193.
389
What is the remainder when 17846 is divided by 1054?
982
What is the remainder when 35651 is divided by 8911?
7
What is the remainder when 1460 is divided by 156?
56
What is the remainder when 12180 is divided by 1522?
4
Calculate the remainder when 4617 is divided by 259.
214
What is the remainder when 8754 is divided by 204?
186
What is the remainder when 10280 is divided by 5071?
138
What is the remainder when 5369 is divided by 5268?
101
What is the remainder when 611 is divided by 233?
145
Calculate the remainder when 129969 is divided by 21659.
15
What is the remainder when 4176 is divided by 280?
256
Calculate the remainder when 11854 is divided by 91.
24
What is the remainder when 11606 is divided by 36?
14
What is the remainder when 6042 is divided by 271?
80
Calculate the remainder when 534598 is divided by 75.
73
Calculate the remainder when 5728 is divided by 130.
8
What is the remainder when 172589 is divided by 330?
329
What is the remainder when 1856584 is divided by 31?
25
What is the remainder when 1880 is divided by 84?
32
What is the remainder when 4725 is divided by 475?
450
Calculate the remainder when 2262 is divided by 603.
453
Calculate the remainder when 78087 is divided by 344.
343
What is the remainder when 3058 is divided by 4?
2
Calculate the remainder when 12716 is divided by 1068.
968
Calculate the remainder when 68080 is divided by 9724.
12
What is the remainder when 653707 is divided by 9?
1
Calculate the remainder when 9520 is divided by 146.
30
Calculate the remainder when 34857 is divided by 60.
57
What is the remainder when 570 is divided by 282?
6
Calculate the remainder when 151341 is divided by 62.
61
Calculate the remainder when 613 is divided by 60.
13
What is the remainder when 6124 is divided by 20?
4
Calculate the remainder when 106070 is divided by 72.
14
Calculate the remainder when 612953 is divided by 30.
23
Calculate the remainder when 888 is divided by 172.
28
What is the remainder when 5039 is divided by 1156?
415
Calculate the remainder when 6950 is divided by 44.
42
Calculate the remainder when 270970 is divided by 9.
7
What is the remainder when 11834 is divided by 1904?
410
Calculate the remainder when 902564 is divided by 647.
646
Calculate the remainder when 4114 is divided by 1368.
10
Calculate the remainder wh